{"id":336,"date":"2024-12-12T10:46:53","date_gmt":"2024-12-12T10:46:53","guid":{"rendered":"https:\/\/a-o.dk\/?page_id=336"},"modified":"2024-12-12T10:47:00","modified_gmt":"2024-12-12T10:47:00","slug":"services","status":"publish","type":"page","link":"https:\/\/a-o.dk\/?page_id=336","title":{"rendered":"Services"},"content":{"rendered":"\n<div class=\"wp-block-uagb-container uagb-block-511c35e8 alignfull uagb-is-root-container\">\n<div class=\"wp-block-uagb-container uagb-block-9237fe67\">\n<div class=\"wp-block-uagb-container uagb-layout-grid uagb-block-31f08500\">\n<div class=\"wp-block-uagb-image alignright uagb-block-58ff8fb7 wp-block-uagb-image--layout-default wp-block-uagb-image--effect-static wp-block-uagb-image--align-right\"><figure class=\"wp-block-uagb-image__figure\"><img decoding=\"async\" srcset=\"https:\/\/a-o.dk\/wp-content\/uploads\/2024\/12\/pexels-photo-7794049.jpeg ,https:\/\/a-o.dk\/wp-content\/uploads\/2024\/12\/pexels-photo-7794049.jpeg 780w, https:\/\/a-o.dk\/wp-content\/uploads\/2024\/12\/pexels-photo-7794049.jpeg 360w\" sizes=\"auto, (max-width: 480px) 150px\" src=\"https:\/\/a-o.dk\/wp-content\/uploads\/2024\/12\/pexels-photo-7794049.jpeg\" alt=\"\" class=\"uag-image-7\" width=\"600\" height=\"314\" title=\"services-header\" loading=\"lazy\" role=\"img\"\/><\/figure><\/div>\n\n\n\n<div class=\"wp-block-uagb-advanced-heading uagb-block-5da0e911\"><h1 class=\"uagb-heading-text\">Vores Tjenester<\/h1><div class=\"uagb-separator\"><\/div><\/div>\n<\/div>\n<\/div>\n<\/div>\n\n\n\n<div class=\"wp-block-uagb-container uagb-block-34a501e5 alignfull uagb-is-root-container\"><div class=\"uagb-container-inner-blocks-wrap\">\n<div class=\"wp-block-uagb-container uagb-block-b4a4f53c\">\n<div class=\"wp-block-uagb-image alignright uagb-block-a537e8c7 wp-block-uagb-image--layout-default wp-block-uagb-image--effect-static wp-block-uagb-image--align-right uag-blocks-common-selector\" style=\"--z-index-desktop:1;;--z-index-tablet:1;;--z-index-mobile:1;\"><figure class=\"wp-block-uagb-image__figure\"><img decoding=\"async\" srcset=\"https:\/\/a-o.dk\/wp-content\/uploads\/2024\/12\/pexels-photo-6476594.jpeg ,https:\/\/a-o.dk\/wp-content\/uploads\/2024\/12\/pexels-photo-6476594.jpeg 780w, https:\/\/a-o.dk\/wp-content\/uploads\/2024\/12\/pexels-photo-6476594.jpeg 360w\" sizes=\"auto, (max-width: 480px) 150px\" src=\"https:\/\/a-o.dk\/wp-content\/uploads\/2024\/12\/pexels-photo-6476594.jpeg\" alt=\"\" class=\"uag-image-8\" width=\"600\" height=\"404\" title=\"services-05\" loading=\"lazy\" role=\"img\"\/><\/figure><\/div>\n<\/div>\n\n\n\n<div class=\"wp-block-uagb-container uagb-block-cfd2f73e\">\n<div class=\"wp-block-uagb-advanced-heading uagb-block-ff601036\"><h2 class=\"uagb-heading-text\">R\u00e5dgivning til Iv\u00e6rks\u00e6ttere<\/h2><div class=\"uagb-separator\"><\/div><p class=\"uagb-desc-text\">Vi tilbyder skr\u00e6ddersyet r\u00e5dgivning til iv\u00e6rks\u00e6ttere, der \u00f8nsker at optimere deres forretningsstrategier. Vores erfarne konsulenter hj\u00e6lper med at identificere muligheder og udfordringer, s\u00e5 du kan tr\u00e6ffe informerede beslutninger for at v\u00e6kste din virksomhed effektivt.<\/p><\/div>\n<\/div>\n\n\n\n<div class=\"wp-block-uagb-container uagb-block-a0ac4cbf\">\n<div class=\"wp-block-uagb-container uagb-block-5d5a7879\">\n<div class=\"wp-block-uagb-advanced-heading uagb-block-7fd17516\"><h2 class=\"uagb-heading-text\">Digital Marketing<\/h2><div class=\"uagb-separator\"><\/div><p class=\"uagb-desc-text\">Vores digitale marketingl\u00f8sninger inkluderer sociale medier, SEO og indholdsstrategi. Vi arbejder t\u00e6t sammen med vores kunder for at udvikle tilpassede kampagner, der \u00f8ger synligheden og tiltr\u00e6kker m\u00e5lgruppen, hvilket sikrer en st\u00f8rre r\u00e6kkevidde og engagement.<\/p><\/div>\n<\/div>\n\n\n\n<div class=\"wp-block-uagb-container uagb-block-505e4bec\">\n<div class=\"wp-block-uagb-image alignleft uagb-block-2e18c6af wp-block-uagb-image--layout-default wp-block-uagb-image--effect-static wp-block-uagb-image--align-left uag-blocks-common-selector\" style=\"--z-index-desktop:undefined;;--z-index-tablet:1;;--z-index-mobile:1;\"><figure class=\"wp-block-uagb-image__figure\"><img decoding=\"async\" srcset=\"https:\/\/a-o.dk\/wp-content\/uploads\/2024\/12\/pexels-photo-6779335.jpeg ,https:\/\/a-o.dk\/wp-content\/uploads\/2024\/12\/pexels-photo-6779335.jpeg 780w, https:\/\/a-o.dk\/wp-content\/uploads\/2024\/12\/pexels-photo-6779335.jpeg 360w\" sizes=\"auto, (max-width: 480px) 150px\" src=\"https:\/\/a-o.dk\/wp-content\/uploads\/2024\/12\/pexels-photo-6779335.jpeg\" alt=\"\" class=\"uag-image-9\" width=\"600\" height=\"404\" title=\"services-06\" loading=\"lazy\" role=\"img\"\/><\/figure><\/div>\n<\/div>\n<\/div>\n\n\n\n<div class=\"wp-block-uagb-container uagb-block-4ffdc449\">\n<div class=\"wp-block-uagb-image alignright uagb-block-534fe00c wp-block-uagb-image--layout-default wp-block-uagb-image--effect-static wp-block-uagb-image--align-right uag-blocks-common-selector\" style=\"--z-index-desktop:1;;--z-index-tablet:1;;--z-index-mobile:1;\"><figure class=\"wp-block-uagb-image__figure\"><img decoding=\"async\" srcset=\"https:\/\/a-o.dk\/wp-content\/uploads\/2024\/12\/pexels-photo-4345108.jpeg ,https:\/\/a-o.dk\/wp-content\/uploads\/2024\/12\/pexels-photo-4345108.jpeg 780w, https:\/\/a-o.dk\/wp-content\/uploads\/2024\/12\/pexels-photo-4345108.jpeg 360w\" sizes=\"auto, (max-width: 480px) 150px\" src=\"https:\/\/a-o.dk\/wp-content\/uploads\/2024\/12\/pexels-photo-4345108.jpeg\" alt=\"\" class=\"uag-image-10\" width=\"600\" height=\"404\" title=\"services-07\" loading=\"lazy\" role=\"img\"\/><\/figure><\/div>\n<\/div>\n\n\n\n<div class=\"wp-block-uagb-container uagb-block-db7150e6\">\n<div class=\"wp-block-uagb-advanced-heading uagb-block-51b9647e\"><h2 class=\"uagb-heading-text\">Finansiel Planl\u00e6gning<\/h2><div class=\"uagb-separator\"><\/div><p class=\"uagb-desc-text\">Med vores finansielle planl\u00e6gningstjenester hj\u00e6lper vi sm\u00e5 og mellemstore virksomheder med at forst\u00e5 deres \u00f8konomi. Vi tilbyder analyse, budgettering og r\u00e5dgivning, s\u00e5 dine ressourcer kan udnyttes optimalt og risici minimeres for en sund v\u00e6kst.<\/p><\/div>\n<\/div>\n\n\n\n<div class=\"wp-block-uagb-container uagb-block-8ebf65a9\">\n<div class=\"wp-block-uagb-container uagb-block-f92a3977\">\n<div class=\"wp-block-uagb-advanced-heading uagb-block-96e7cff9\"><h2 class=\"uagb-heading-text\">Teknologiske L\u00f8sninger<\/h2><div class=\"uagb-separator\"><\/div><p class=\"uagb-desc-text\">Vi leverer innovative teknologiske l\u00f8sninger, der automatiserer og forbedrer driftsprocesser. Fra softwareimplementering til systemintegration sikrer vi, at din virksomhed drager fordel af den nyeste teknologi for at \u00f8ge produktivitet og efficiens.<\/p><\/div>\n<\/div>\n\n\n\n<div class=\"wp-block-uagb-container uagb-block-893e308b\">\n<div class=\"wp-block-uagb-image alignleft uagb-block-600fa84c wp-block-uagb-image--layout-default wp-block-uagb-image--effect-static wp-block-uagb-image--align-left uag-blocks-common-selector\" style=\"--z-index-desktop:undefined;;--z-index-tablet:1;;--z-index-mobile:1;\"><figure class=\"wp-block-uagb-image__figure\"><img decoding=\"async\" srcset=\"https:\/\/a-o.dk\/wp-content\/uploads\/2024\/12\/pexels-photo-5439486.jpeg ,https:\/\/a-o.dk\/wp-content\/uploads\/2024\/12\/pexels-photo-5439486.jpeg 780w, https:\/\/a-o.dk\/wp-content\/uploads\/2024\/12\/pexels-photo-5439486.jpeg 360w\" sizes=\"auto, (max-width: 480px) 150px\" src=\"https:\/\/a-o.dk\/wp-content\/uploads\/2024\/12\/pexels-photo-5439486.jpeg\" alt=\"\" class=\"uag-image-5\" width=\"600\" height=\"404\" title=\"services-08\" loading=\"lazy\" role=\"img\"\/><\/figure><\/div>\n<\/div>\n<\/div>\n<\/div><\/div>\n\n\n\n<div class=\"wp-block-uagb-container uagb-block-77396f3a alignfull uagb-is-root-container\">\n<div class=\"wp-block-uagb-container uagb-block-0c551df4\">\n<div class=\"wp-block-uagb-info-box uagb-block-bf210165 uagb-infobox__content-wrap  uagb-infobox-icon-above-title uagb-infobox-image-valign-top\"><div class=\"uagb-ifb-content\"><div class=\"uagb-ifb-separator\"><\/div><div class=\"uagb-ifb-title-wrap\"><h2 class=\"uagb-ifb-title\">Tag det f\u00f8rste skridt mod v\u00e6kst<\/h2><\/div><p class=\"uagb-ifb-desc\">Kontakt os i dag for at finde ud af, hvordan vi kan hj\u00e6lpe.<\/p><div class=\"uagb-ifb-button-wrapper wp-block-button\"><a href=\"\/contact\/\" class=\"uagb-infobox-cta-link wp-block-button__link\" target=\"_self\" rel=\"noopener noreferrer\" onclick=\"return true;\"><span class=\"uagb-inline-editing\">Kom i gang<\/span><\/a><\/div><\/div><\/div>\n<\/div>\n<\/div>\n","protected":false},"excerpt":{"rendered":"<p>Vores Tjenester R\u00e5dgivning til Iv\u00e6rks\u00e6ttere Vi tilbyder skr\u00e6ddersyet r\u00e5dgivning til iv\u00e6rks\u00e6ttere, der \u00f8nsker at optimere deres forretningsstrategier. Vores erfarne konsulenter [&hellip;]<\/p>\n","protected":false},"author":1,"featured_media":0,"parent":0,"menu_order":0,"comment_status":"closed","ping_status":"closed","template":"","meta":{"_uag_custom_page_level_css":"","site-sidebar-layout":"default","site-content-layout":"","ast-site-content-layout":"","site-content-style":"default","site-sidebar-style":"default","ast-global-header-display":"","ast-banner-title-visibility":"","ast-main-header-display":"","ast-hfb-above-header-display":"","ast-hfb-below-header-display":"","ast-hfb-mobile-header-display":"","site-post-title":"disabled","ast-breadcrumbs-content":"","ast-featured-img":"","footer-sml-layout":"","theme-transparent-header-meta":"","adv-header-id-meta":"","stick-header-meta":"","header-above-stick-meta":"","header-main-stick-meta":"","header-below-stick-meta":"","astra-migrate-meta-layouts":"default","ast-page-background-enabled":"default","ast-page-background-meta":{"desktop":{"background-color":"var(--ast-global-color-4)","background-image":"","background-repeat":"repeat","background-position":"center center","background-size":"auto","background-attachment":"scroll","background-type":"","background-media":"","overlay-type":"","overlay-color":"","overlay-opacity":"","overlay-gradient":""},"tablet":{"background-color":"","background-image":"","background-repeat":"repeat","background-position":"center center","background-size":"auto","background-attachment":"scroll","background-type":"","background-media":"","overlay-type":"","overlay-color":"","overlay-opacity":"","overlay-gradient":""},"mobile":{"background-color":"","background-image":"","background-repeat":"repeat","background-position":"center center","background-size":"auto","background-attachment":"scroll","background-type":"","background-media":"","overlay-type":"","overlay-color":"","overlay-opacity":"","overlay-gradient":""}},"ast-content-background-meta":{"desktop":{"background-color":"var(--ast-global-color-5)","background-image":"","background-repeat":"repeat","background-position":"center center","background-size":"auto","background-attachment":"scroll","background-type":"","background-media":"","overlay-type":"","overlay-color":"","overlay-opacity":"","overlay-gradient":""},"tablet":{"background-color":"var(--ast-global-color-5)","background-image":"","background-repeat":"repeat","background-position":"center center","background-size":"auto","background-attachment":"scroll","background-type":"","background-media":"","overlay-type":"","overlay-color":"","overlay-opacity":"","overlay-gradient":""},"mobile":{"background-color":"var(--ast-global-color-5)","background-image":"","background-repeat":"repeat","background-position":"center center","background-size":"auto","background-attachment":"scroll","background-type":"","background-media":"","overlay-type":"","overlay-color":"","overlay-opacity":"","overlay-gradient":""}},"footnotes":""},"class_list":["post-336","page","type-page","status-publish","hentry"],"uagb_featured_image_src":{"full":false,"thumbnail":false,"medium":false,"medium_large":false,"large":false,"1536x1536":false,"2048x2048":false},"uagb_author_info":{"display_name":"admin","author_link":"https:\/\/a-o.dk\/?author=1"},"uagb_comment_info":0,"uagb_excerpt":"Vores Tjenester R\u00e5dgivning til Iv\u00e6rks\u00e6ttere Vi tilbyder skr\u00e6ddersyet r\u00e5dgivning til iv\u00e6rks\u00e6ttere, der \u00f8nsker at optimere deres forretningsstrategier. Vores erfarne konsulenter [&hellip;]","_links":{"self":[{"href":"https:\/\/a-o.dk\/index.php?rest_route=\/wp\/v2\/pages\/336","targetHints":{"allow":["GET"]}}],"collection":[{"href":"https:\/\/a-o.dk\/index.php?rest_route=\/wp\/v2\/pages"}],"about":[{"href":"https:\/\/a-o.dk\/index.php?rest_route=\/wp\/v2\/types\/page"}],"author":[{"embeddable":true,"href":"https:\/\/a-o.dk\/index.php?rest_route=\/wp\/v2\/users\/1"}],"replies":[{"embeddable":true,"href":"https:\/\/a-o.dk\/index.php?rest_route=%2Fwp%2Fv2%2Fcomments&post=336"}],"version-history":[{"count":2,"href":"https:\/\/a-o.dk\/index.php?rest_route=\/wp\/v2\/pages\/336\/revisions"}],"predecessor-version":[{"id":1241,"href":"https:\/\/a-o.dk\/index.php?rest_route=\/wp\/v2\/pages\/336\/revisions\/1241"}],"wp:attachment":[{"href":"https:\/\/a-o.dk\/index.php?rest_route=%2Fwp%2Fv2%2Fmedia&parent=336"}],"curies":[{"name":"wp","href":"https:\/\/api.w.org\/{rel}","templated":true}]}}