{"id":338,"date":"2024-12-12T10:46:53","date_gmt":"2024-12-12T10:46:53","guid":{"rendered":"https:\/\/a-o.dk\/?page_id=338"},"modified":"2024-12-12T10:47:00","modified_gmt":"2024-12-12T10:47:00","slug":"projects","status":"publish","type":"page","link":"https:\/\/a-o.dk\/?page_id=338","title":{"rendered":"Projects"},"content":{"rendered":"\n<div class=\"wp-block-uagb-container uagb-block-511c35e8 alignfull uagb-is-root-container\">\n<div class=\"wp-block-uagb-container uagb-block-9237fe67\">\n<div class=\"wp-block-uagb-container uagb-layout-grid uagb-block-31f08500\">\n<div class=\"wp-block-uagb-image alignright uagb-block-58ff8fb7 wp-block-uagb-image--layout-default wp-block-uagb-image--effect-static wp-block-uagb-image--align-right\"><figure class=\"wp-block-uagb-image__figure\"><img decoding=\"async\" srcset=\"https:\/\/a-o.dk\/wp-content\/uploads\/2024\/12\/pexels-photo-5439486.jpeg ,https:\/\/a-o.dk\/wp-content\/uploads\/2024\/12\/pexels-photo-5439486.jpeg 780w, https:\/\/a-o.dk\/wp-content\/uploads\/2024\/12\/pexels-photo-5439486.jpeg 360w\" sizes=\"auto, (max-width: 480px) 150px\" src=\"https:\/\/a-o.dk\/wp-content\/uploads\/2024\/12\/pexels-photo-5439486.jpeg\" alt=\"\" class=\"uag-image-5\" width=\"600\" height=\"314\" title=\"projects-header\" loading=\"lazy\" role=\"img\"\/><\/figure><\/div>\n\n\n\n<div class=\"wp-block-uagb-advanced-heading uagb-block-5da0e911\"><h1 class=\"uagb-heading-text\">Vores Projekter<\/h1><div class=\"uagb-separator\"><\/div><\/div>\n<\/div>\n<\/div>\n<\/div>\n\n\n\n<div class=\"wp-block-uagb-container uagb-layout-grid uagb-block-0b547ab5 alignfull uagb-is-root-container\"><div class=\"uagb-container-inner-blocks-wrap\">\n<div class=\"wp-block-uagb-container uagb-layout-flex uagb-block-f22f1e43\">\n<div class=\"wp-block-uagb-advanced-heading uagb-block-711016e8\"><p class=\"uagb-desc-text\">R\u00e5dgivning Eksempel<\/p><h2 class=\"uagb-heading-text\">R\u00e5dgivning Tjenester<\/h2><div class=\"uagb-separator\"><\/div><\/div>\n\n\n\n<div class=\"wp-block-uagb-advanced-heading uagb-block-b975da48\"><h3 class=\"uagb-heading-text\">Hvordan vi hjalp<\/h3><p class=\"uagb-desc-text\">Vores r\u00e5dgivningstjenester har hjulpet mange iv\u00e6rks\u00e6ttere med at navigere i forretningslandskabet og tr\u00e6ffe informerede beslutninger.<br><br>Vi har leveret skr\u00e6ddersyede l\u00f8sninger til startups, hvilket sikrer deres v\u00e6kst og succes p\u00e5 markedet.<\/p><\/div>\n<\/div>\n\n\n\n<div class=\"wp-block-uagb-image uagb-block-885b86ca wp-block-uagb-image--layout-default wp-block-uagb-image--effect-static wp-block-uagb-image--align-none\"><figure class=\"wp-block-uagb-image__figure\"><img decoding=\"async\" srcset=\"https:\/\/a-o.dk\/wp-content\/uploads\/2024\/12\/pexels-photo-6804091.jpeg ,https:\/\/a-o.dk\/wp-content\/uploads\/2024\/12\/pexels-photo-6804091.jpeg 780w, https:\/\/a-o.dk\/wp-content\/uploads\/2024\/12\/pexels-photo-6804091.jpeg 360w\" sizes=\"auto, (max-width: 480px) 150px\" src=\"https:\/\/a-o.dk\/wp-content\/uploads\/2024\/12\/pexels-photo-6804091.jpeg\" alt=\"\" class=\"uag-image-6\" width=\"600\" height=\"600\" title=\"project-01-a\" loading=\"lazy\" role=\"img\"\/><\/figure><\/div>\n\n\n\n<div class=\"wp-block-uagb-container uagb-layout-grid uagb-block-8e14398e\">\n<div class=\"wp-block-uagb-image uagb-block-d19c0a73 wp-block-uagb-image--layout-default wp-block-uagb-image--effect-static wp-block-uagb-image--align-none\"><figure class=\"wp-block-uagb-image__figure\"><img decoding=\"async\" srcset=\"https:\/\/a-o.dk\/wp-content\/uploads\/2024\/12\/pexels-photo-7794049.jpeg ,https:\/\/a-o.dk\/wp-content\/uploads\/2024\/12\/pexels-photo-7794049.jpeg 780w, https:\/\/a-o.dk\/wp-content\/uploads\/2024\/12\/pexels-photo-7794049.jpeg 360w\" sizes=\"auto, (max-width: 480px) 150px\" src=\"https:\/\/a-o.dk\/wp-content\/uploads\/2024\/12\/pexels-photo-7794049.jpeg\" alt=\"\" class=\"uag-image-7\" width=\"400\" height=\"450\" title=\"project-01-b\" loading=\"lazy\" role=\"img\"\/><\/figure><\/div>\n\n\n\n<div class=\"wp-block-uagb-image uagb-block-e1a7a70e wp-block-uagb-image--layout-default wp-block-uagb-image--effect-static wp-block-uagb-image--align-none\"><figure class=\"wp-block-uagb-image__figure\"><img decoding=\"async\" srcset=\"https:\/\/a-o.dk\/wp-content\/uploads\/2024\/12\/pexels-photo-6476594.jpeg ,https:\/\/a-o.dk\/wp-content\/uploads\/2024\/12\/pexels-photo-6476594.jpeg 780w, https:\/\/a-o.dk\/wp-content\/uploads\/2024\/12\/pexels-photo-6476594.jpeg 360w\" sizes=\"auto, (max-width: 480px) 150px\" src=\"https:\/\/a-o.dk\/wp-content\/uploads\/2024\/12\/pexels-photo-6476594.jpeg\" alt=\"\" class=\"uag-image-8\" width=\"400\" height=\"600\" title=\"project-01-c\" loading=\"lazy\" role=\"img\"\/><\/figure><\/div>\n\n\n\n<div class=\"wp-block-uagb-image uagb-block-16c2f12e wp-block-uagb-image--layout-default wp-block-uagb-image--effect-static wp-block-uagb-image--align-none\"><figure class=\"wp-block-uagb-image__figure\"><img decoding=\"async\" srcset=\"https:\/\/a-o.dk\/wp-content\/uploads\/2024\/12\/pexels-photo-6779335.jpeg ,https:\/\/a-o.dk\/wp-content\/uploads\/2024\/12\/pexels-photo-6779335.jpeg 780w, https:\/\/a-o.dk\/wp-content\/uploads\/2024\/12\/pexels-photo-6779335.jpeg 360w\" sizes=\"auto, (max-width: 480px) 150px\" src=\"https:\/\/a-o.dk\/wp-content\/uploads\/2024\/12\/pexels-photo-6779335.jpeg\" alt=\"\" class=\"uag-image-9\" width=\"400\" height=\"350\" title=\"project-01-d\" loading=\"lazy\" role=\"img\"\/><\/figure><\/div>\n<\/div>\n<\/div><\/div>\n\n\n\n<div class=\"wp-block-uagb-container uagb-layout-grid uagb-block-458dab92 alignfull uagb-is-root-container\"><div class=\"uagb-container-inner-blocks-wrap\">\n<div class=\"wp-block-uagb-image uagb-block-0ec260c9 wp-block-uagb-image--layout-default wp-block-uagb-image--effect-static wp-block-uagb-image--align-none\"><figure class=\"wp-block-uagb-image__figure\"><img decoding=\"async\" srcset=\"https:\/\/a-o.dk\/wp-content\/uploads\/2024\/12\/pexels-photo-4345108.jpeg ,https:\/\/a-o.dk\/wp-content\/uploads\/2024\/12\/pexels-photo-4345108.jpeg 780w, https:\/\/a-o.dk\/wp-content\/uploads\/2024\/12\/pexels-photo-4345108.jpeg 360w\" sizes=\"auto, (max-width: 480px) 150px\" src=\"https:\/\/a-o.dk\/wp-content\/uploads\/2024\/12\/pexels-photo-4345108.jpeg\" alt=\"\" class=\"uag-image-10\" width=\"600\" height=\"600\" title=\"project-02-a\" loading=\"lazy\" role=\"img\"\/><\/figure><\/div>\n\n\n\n<div class=\"wp-block-uagb-container uagb-layout-flex uagb-block-c76f2aa8\">\n<div class=\"wp-block-uagb-advanced-heading uagb-block-c737be88\"><p class=\"uagb-desc-text\">Marketing L\u00f8sning<\/p><h2 class=\"uagb-heading-text\">Marketing Strategi, Finansiel Support<\/h2><div class=\"uagb-separator\"><\/div><\/div>\n\n\n\n<div class=\"wp-block-uagb-advanced-heading uagb-block-85adc722\"><h3 class=\"uagb-heading-text\">Hvordan vi hjalp<\/h3><p class=\"uagb-desc-text\">Vi har udviklet effektive marketingstrategier for flere virksomheder, hvilket har resulteret i \u00f8get synlighed.<br><br>Vores innovative tilgange til digital marketing har sikret, at vores kunder n\u00e5r deres m\u00e5lgruppe effektivt.<\/p><\/div>\n<\/div>\n\n\n\n<div class=\"wp-block-uagb-container uagb-layout-grid uagb-block-1813a6a7\">\n<div class=\"wp-block-uagb-image uagb-block-fc5f4504 wp-block-uagb-image--layout-default wp-block-uagb-image--effect-static wp-block-uagb-image--align-none\"><figure class=\"wp-block-uagb-image__figure\"><img decoding=\"async\" srcset=\"https:\/\/a-o.dk\/wp-content\/uploads\/2024\/12\/pexels-photo-5439486.jpeg ,https:\/\/a-o.dk\/wp-content\/uploads\/2024\/12\/pexels-photo-5439486.jpeg 780w, https:\/\/a-o.dk\/wp-content\/uploads\/2024\/12\/pexels-photo-5439486.jpeg 360w\" sizes=\"auto, (max-width: 480px) 150px\" src=\"https:\/\/a-o.dk\/wp-content\/uploads\/2024\/12\/pexels-photo-5439486.jpeg\" alt=\"\" class=\"uag-image-5\" width=\"400\" height=\"350\" title=\"project-02-b\" loading=\"lazy\" role=\"img\"\/><\/figure><\/div>\n\n\n\n<div class=\"wp-block-uagb-image uagb-block-e9b62e9a wp-block-uagb-image--layout-default wp-block-uagb-image--effect-static wp-block-uagb-image--align-none\"><figure class=\"wp-block-uagb-image__figure\"><img decoding=\"async\" srcset=\"https:\/\/a-o.dk\/wp-content\/uploads\/2024\/12\/pexels-photo-6804091.jpeg ,https:\/\/a-o.dk\/wp-content\/uploads\/2024\/12\/pexels-photo-6804091.jpeg 780w, https:\/\/a-o.dk\/wp-content\/uploads\/2024\/12\/pexels-photo-6804091.jpeg 360w\" sizes=\"auto, (max-width: 480px) 150px\" src=\"https:\/\/a-o.dk\/wp-content\/uploads\/2024\/12\/pexels-photo-6804091.jpeg\" alt=\"\" class=\"uag-image-6\" width=\"400\" height=\"600\" title=\"project-02-c\" loading=\"lazy\" role=\"img\"\/><\/figure><\/div>\n\n\n\n<div class=\"wp-block-uagb-image uagb-block-878dcc2f wp-block-uagb-image--layout-default wp-block-uagb-image--effect-static wp-block-uagb-image--align-none\"><figure class=\"wp-block-uagb-image__figure\"><img decoding=\"async\" srcset=\"https:\/\/a-o.dk\/wp-content\/uploads\/2024\/12\/pexels-photo-7794049.jpeg ,https:\/\/a-o.dk\/wp-content\/uploads\/2024\/12\/pexels-photo-7794049.jpeg 780w, https:\/\/a-o.dk\/wp-content\/uploads\/2024\/12\/pexels-photo-7794049.jpeg 360w\" sizes=\"auto, (max-width: 480px) 150px\" src=\"https:\/\/a-o.dk\/wp-content\/uploads\/2024\/12\/pexels-photo-7794049.jpeg\" alt=\"\" class=\"uag-image-7\" width=\"400\" height=\"450\" title=\"project-02-d\" loading=\"lazy\" role=\"img\"\/><\/figure><\/div>\n<\/div>\n<\/div><\/div>\n\n\n\n<div class=\"wp-block-uagb-container uagb-layout-grid uagb-block-1c8a814b alignfull uagb-is-root-container\"><div class=\"uagb-container-inner-blocks-wrap\">\n<div class=\"wp-block-uagb-container uagb-layout-flex uagb-block-4b66e37d\">\n<div class=\"wp-block-uagb-advanced-heading uagb-block-3d47a43d\"><p class=\"uagb-desc-text\">Finansiel Projekt<\/p><h2 class=\"uagb-heading-text\">Teknologisk Udvikling<\/h2><div class=\"uagb-separator\"><\/div><\/div>\n\n\n\n<div class=\"wp-block-uagb-advanced-heading uagb-block-83cec095\"><h3 class=\"uagb-heading-text\">Hvordan vi hjalp<\/h3><p class=\"uagb-desc-text\">Vi har bist\u00e5et kunder med at optimere deres finansielle processer for at maksimere overskuddet.<br><br>Vores ekspertise i regnskab og \u00f8konomisk r\u00e5dgivning har givet vores kunder en stabil base for v\u00e6kst.<\/p><\/div>\n<\/div>\n\n\n\n<div class=\"wp-block-uagb-image uagb-block-09a94b5d wp-block-uagb-image--layout-default wp-block-uagb-image--effect-static wp-block-uagb-image--align-none\"><figure class=\"wp-block-uagb-image__figure\"><img decoding=\"async\" srcset=\"https:\/\/a-o.dk\/wp-content\/uploads\/2024\/12\/pexels-photo-6476594.jpeg ,https:\/\/a-o.dk\/wp-content\/uploads\/2024\/12\/pexels-photo-6476594.jpeg 780w, https:\/\/a-o.dk\/wp-content\/uploads\/2024\/12\/pexels-photo-6476594.jpeg 360w\" sizes=\"auto, (max-width: 480px) 150px\" src=\"https:\/\/a-o.dk\/wp-content\/uploads\/2024\/12\/pexels-photo-6476594.jpeg\" alt=\"\" class=\"uag-image-8\" width=\"600\" height=\"600\" title=\"project-03-a\" loading=\"lazy\" role=\"img\"\/><\/figure><\/div>\n\n\n\n<div class=\"wp-block-uagb-container uagb-layout-grid uagb-block-b18ce5ac\">\n<div class=\"wp-block-uagb-image uagb-block-8d2bf70e wp-block-uagb-image--layout-default wp-block-uagb-image--effect-static wp-block-uagb-image--align-none\"><figure class=\"wp-block-uagb-image__figure\"><img decoding=\"async\" srcset=\"https:\/\/a-o.dk\/wp-content\/uploads\/2024\/12\/pexels-photo-6779335.jpeg ,https:\/\/a-o.dk\/wp-content\/uploads\/2024\/12\/pexels-photo-6779335.jpeg 780w, https:\/\/a-o.dk\/wp-content\/uploads\/2024\/12\/pexels-photo-6779335.jpeg 360w\" sizes=\"auto, (max-width: 480px) 150px\" src=\"https:\/\/a-o.dk\/wp-content\/uploads\/2024\/12\/pexels-photo-6779335.jpeg\" alt=\"\" class=\"uag-image-9\" width=\"400\" height=\"450\" title=\"project-03-b\" loading=\"lazy\" role=\"img\"\/><\/figure><\/div>\n\n\n\n<div class=\"wp-block-uagb-image uagb-block-92b809fc wp-block-uagb-image--layout-default wp-block-uagb-image--effect-static wp-block-uagb-image--align-none\"><figure class=\"wp-block-uagb-image__figure\"><img decoding=\"async\" srcset=\"https:\/\/a-o.dk\/wp-content\/uploads\/2024\/12\/pexels-photo-4345108.jpeg ,https:\/\/a-o.dk\/wp-content\/uploads\/2024\/12\/pexels-photo-4345108.jpeg 780w, https:\/\/a-o.dk\/wp-content\/uploads\/2024\/12\/pexels-photo-4345108.jpeg 360w\" sizes=\"auto, (max-width: 480px) 150px\" src=\"https:\/\/a-o.dk\/wp-content\/uploads\/2024\/12\/pexels-photo-4345108.jpeg\" alt=\"\" class=\"uag-image-10\" width=\"400\" height=\"600\" title=\"project-03-c\" loading=\"lazy\" role=\"img\"\/><\/figure><\/div>\n\n\n\n<div class=\"wp-block-uagb-image uagb-block-3f5513c7 wp-block-uagb-image--layout-default wp-block-uagb-image--effect-static wp-block-uagb-image--align-none\"><figure class=\"wp-block-uagb-image__figure\"><img decoding=\"async\" srcset=\"https:\/\/a-o.dk\/wp-content\/uploads\/2024\/12\/pexels-photo-5439486.jpeg ,https:\/\/a-o.dk\/wp-content\/uploads\/2024\/12\/pexels-photo-5439486.jpeg 780w, https:\/\/a-o.dk\/wp-content\/uploads\/2024\/12\/pexels-photo-5439486.jpeg 360w\" sizes=\"auto, (max-width: 480px) 150px\" src=\"https:\/\/a-o.dk\/wp-content\/uploads\/2024\/12\/pexels-photo-5439486.jpeg\" alt=\"\" class=\"uag-image-5\" width=\"400\" height=\"350\" title=\"project-03-d\" loading=\"lazy\" role=\"img\"\/><\/figure><\/div>\n<\/div>\n<\/div><\/div>\n","protected":false},"excerpt":{"rendered":"<p>Vores Projekter R\u00e5dgivning Eksempel R\u00e5dgivning Tjenester Hvordan vi hjalp Vores r\u00e5dgivningstjenester har hjulpet mange iv\u00e6rks\u00e6ttere med at navigere i forretningslandskabet [&hellip;]<\/p>\n","protected":false},"author":1,"featured_media":0,"parent":0,"menu_order":0,"comment_status":"closed","ping_status":"closed","template":"","meta":{"_uag_custom_page_level_css":"","site-sidebar-layout":"default","site-content-layout":"","ast-site-content-layout":"","site-content-style":"default","site-sidebar-style":"default","ast-global-header-display":"","ast-banner-title-visibility":"","ast-main-header-display":"","ast-hfb-above-header-display":"","ast-hfb-below-header-display":"","ast-hfb-mobile-header-display":"","site-post-title":"disabled","ast-breadcrumbs-content":"","ast-featured-img":"","footer-sml-layout":"","theme-transparent-header-meta":"","adv-header-id-meta":"","stick-header-meta":"","header-above-stick-meta":"","header-main-stick-meta":"","header-below-stick-meta":"","astra-migrate-meta-layouts":"default","ast-page-background-enabled":"default","ast-page-background-meta":{"desktop":{"background-color":"var(--ast-global-color-4)","background-image":"","background-repeat":"repeat","background-position":"center center","background-size":"auto","background-attachment":"scroll","background-type":"","background-media":"","overlay-type":"","overlay-color":"","overlay-opacity":"","overlay-gradient":""},"tablet":{"background-color":"","background-image":"","background-repeat":"repeat","background-position":"center center","background-size":"auto","background-attachment":"scroll","background-type":"","background-media":"","overlay-type":"","overlay-color":"","overlay-opacity":"","overlay-gradient":""},"mobile":{"background-color":"","background-image":"","background-repeat":"repeat","background-position":"center center","background-size":"auto","background-attachment":"scroll","background-type":"","background-media":"","overlay-type":"","overlay-color":"","overlay-opacity":"","overlay-gradient":""}},"ast-content-background-meta":{"desktop":{"background-color":"var(--ast-global-color-5)","background-image":"","background-repeat":"repeat","background-position":"center center","background-size":"auto","background-attachment":"scroll","background-type":"","background-media":"","overlay-type":"","overlay-color":"","overlay-opacity":"","overlay-gradient":""},"tablet":{"background-color":"var(--ast-global-color-5)","background-image":"","background-repeat":"repeat","background-position":"center center","background-size":"auto","background-attachment":"scroll","background-type":"","background-media":"","overlay-type":"","overlay-color":"","overlay-opacity":"","overlay-gradient":""},"mobile":{"background-color":"var(--ast-global-color-5)","background-image":"","background-repeat":"repeat","background-position":"center center","background-size":"auto","background-attachment":"scroll","background-type":"","background-media":"","overlay-type":"","overlay-color":"","overlay-opacity":"","overlay-gradient":""}},"footnotes":""},"class_list":["post-338","page","type-page","status-publish","hentry"],"uagb_featured_image_src":{"full":false,"thumbnail":false,"medium":false,"medium_large":false,"large":false,"1536x1536":false,"2048x2048":false},"uagb_author_info":{"display_name":"admin","author_link":"https:\/\/a-o.dk\/?author=1"},"uagb_comment_info":0,"uagb_excerpt":"Vores Projekter R\u00e5dgivning Eksempel R\u00e5dgivning Tjenester Hvordan vi hjalp Vores r\u00e5dgivningstjenester har hjulpet mange iv\u00e6rks\u00e6ttere med at navigere i forretningslandskabet [&hellip;]","_links":{"self":[{"href":"https:\/\/a-o.dk\/index.php?rest_route=\/wp\/v2\/pages\/338","targetHints":{"allow":["GET"]}}],"collection":[{"href":"https:\/\/a-o.dk\/index.php?rest_route=\/wp\/v2\/pages"}],"about":[{"href":"https:\/\/a-o.dk\/index.php?rest_route=\/wp\/v2\/types\/page"}],"author":[{"embeddable":true,"href":"https:\/\/a-o.dk\/index.php?rest_route=\/wp\/v2\/users\/1"}],"replies":[{"embeddable":true,"href":"https:\/\/a-o.dk\/index.php?rest_route=%2Fwp%2Fv2%2Fcomments&post=338"}],"version-history":[{"count":2,"href":"https:\/\/a-o.dk\/index.php?rest_route=\/wp\/v2\/pages\/338\/revisions"}],"predecessor-version":[{"id":1240,"href":"https:\/\/a-o.dk\/index.php?rest_route=\/wp\/v2\/pages\/338\/revisions\/1240"}],"wp:attachment":[{"href":"https:\/\/a-o.dk\/index.php?rest_route=%2Fwp%2Fv2%2Fmedia&parent=338"}],"curies":[{"name":"wp","href":"https:\/\/api.w.org\/{rel}","templated":true}]}}